2*l + 38 = 0, -2*t + 43 = 3*l. Suppose j + 4 = -6. Let b = 18 + j. What is the remainder when t is divided by b?
6
Suppose 0 = 2*h - 5*w + 16, -2*h + 22 = 5*w - 2. Suppose 0*f - 66 = -h*f. Calculate the remainder when f is divided by 12.
9
Suppose -o - 57 = -3*o - 3*m, 0 = 5*o + 2*m - 148. Calculate the remainder when o is divided by 16/3*6/4.
6
Suppose 3*v - 18 - 42 = 0. Suppose -5*q = -2*y - 37, 5*y + 0 - v = 0. What is the remainder when 33 is divided by q?
6
Let v(t) = 15*t - 59. Suppose b - 3*b + 5*z + 121 = 0, -b + 65 = 2*z. What is the remainder when b is divided by v(5)?
15
Let z(h) = 0 - 2*h + 2 + h**2 + 0 + 5*h. What is the remainder when 34 is divided by z(-5)?
10
Let d = -19 + 11. Let m be (2/6)/(d/(-48)). Suppose m*o - 220 = -2*o. What is the remainder when o is divided by 14?
13
Let j(r) = -r**3 + 9*r**2 - 2*r - 8. Let m be j(8). Suppose -u + 1 = -m. Calculate the remainder when u is divided by 14.
13
Let b = 1 - -1. Suppose 2*p + 5*v - 75 = -2*p, b*v + 54 = 4*p. What is the remainder when (0 + -3)*(-175)/p is divided by 19?
16
Calculate the remainder when 13 is divided by -3*(-8)/18*3.
1
Suppose c - 25 = -4*c. Let f(i) be the first derivative of i**2 + 5*i - 4. Calculate the remainder when f(c) is divided by 8.
7
Let n be 13/3 - (-44)/(-33). Suppose -u + 5*j = -16, -n*u + 3*j = 4*j - 32. Calculate the remainder when 20 is divided by u.
9
Let t = 0 + 11. Let u(n) = -n**3 + 12*n**2 + 2*n + 18. Calculate the remainder when u(12) is divided by t.
9
Let u = 120 - 91. Calculate the remainder when u is divided by 6.
5
Let c = 109 + -105. What is the remainder when 45 is divided by c?
1
Let s = 94 - 138. Let r = 69 + s. What is the remainder when r is divided by (2 - 5)/((-6)/18)?
7
Let h(l) = -l**3 + 7*l**2 - 8*l + 7. Calculate the remainder when 50 is divided by h(5).
16
Suppose -36 = -2*s + v, -5*v = -2*s - 0*v + 52. Calculate the remainder when 43 is divided by s.
11
Let n(o) = -o**3 - 6*o**2 + 5*o - 10. Calculate the remainder when 7 is divided by n(-7).
3
Let c be (-84)/10 + 6/15. Let y = -4 - c. Calculate the remainder when 11 is divided by y.
3
Suppose 108 = 2*y - z, -2*y + 108 = -0*y + 2*z. Calculate the remainder when y is divided by 14.
12
Suppose -28 = -j + 5*x, j - 2*x - 23 - 2 = 0. What is the remainder when 84 is divided by j?
15
Let i(m) = m - 8. Let w = -16 + 26. Suppose -2*g = -5*g + 9. What is the remainder when g is divided by i(w)?
1
Let i = 189 + -188. What is the remainder when 11 is divided by i?
0
Let o = -9 - -15. Let s be (-38)/8 - 2/8. Let c = o + s. Calculate the remainder when 1 is divided by c.
0
Let v be 1/(3/(-27)*1). Calculate the remainder when 60 is divided by 2/(6/v) - -24.
18
Let m = 1 - -11. Let d be (-1)/5 + (-18)/10. What is the remainder when 4 is divided by 1/d*m/(-2)?
1
Suppose -4*z + 69 = 3*t, 4*z + 8*t - 67 = 3*t. Suppose 0 = l + 5*a - 15, z + 42 = 4*l + 3*a. Calculate the remainder when 44 is divided by l.
14
Let w = 154 + -91. What is the remainder when w is divided by 16?
15
Suppose -k = -0*k + 2, 2 = 4*q + 5*k. Suppose 43 = h - o, q*o + 155 + 50 = 5*h. What is the remainder when h is divided by 20?
18
Suppose -3*k + 153 = 3*w, w - 55 = 2*k - 4*k. Let o(h) = -h**3 - 3*h**2 + 3*h + 8. What is the remainder when w is divided by o(-4)?
11
Let n be (-2470)/(-39) - 4/(-6). Suppose -75 = -5*i + 5*y, 4*i + 0*i = 2*y + n. What is the remainder when 67 is divided by i?
16
Let c = 27 + -10. What is the remainder when 47 is divided by c?
13
Let n = 3 - 3. Let g be 8 - (n - (-2 - -2)). Suppose -z - 4 = -g. Calculate the remainder when 11 is divided by z.
3
Let g be 0 + (-5)/(10/52). Let n = 44 + g. What is the remainder when n is divided by 5?
3
Let w(d) = -d**3 - 2*d**2 + 2*d + 1. Let s be w(-3). Let m(r) = s*r + 3 - 3. What is the remainder when 22 is divided by m(2)?
6
Let o be (0 + 0)/(5 - 3). Calculate the remainder when 15 is divided by (o - -9)/(1 + 0).
6
Let g(y) = -17*y - 5. What is the remainder when g(-4) is divided by 16?
15
Suppose -5*g = -0*g - 25. Let q = 5 - 3. Calculate the remainder when g is divided by q.
1
Let z(n) = 3*n + 3. Let v(c) = c**3 - 8*c**2 + 8*c + 1. Calculate the remainder when z(6) is divided by v(7).
5
What is the remainder when 24 is divided by (26/(-10))/((-16)/80)?
11
Let d(g) = -2*g - 9. Let z be d(-6). Suppose o - 5 = z. Let r(q) = -q**3 - 7*q**2 + 3. Calculate the remainder when o is divided by r(-7).
2
Suppose 5*k - 2*r + 0*r - 10 = 0, 0 = 4*k - 4*r - 20. Suppose k = m - i + 3, 0*i = 2*i - 10. Let h = m - -13. What is the remainder when h is divided by 8?
7
Let o be 1 + 2 - (-9 + -5). Suppose 2*s + o = i, i + 2*i + 2*s = 43. Calculate the remainder when 57 is divided by i.
12
Suppose 3*s - 7*s = -4*k - 88, -27 = -s - 4*k. Calculate the remainder when s is divided by 13.
10
Suppose 0 = 7*c - 4*c - 21. Suppose -3*y + 5*j = -34, -2*y + j - 6*j = -31. What is the remainder when y is divided by c?
6
Calculate the remainder when 15 is divided by 2/(-8) + (-225)/(-36).
3
Let i = -67 + 40. Let d be (-1 + 6/4)*-26. Let l = d - i. What is the remainder when l is divided by 8?
6
Let v = 37 - 22. Calculate the remainder when v is divided by 4.
3
Suppose 4*s - 8 = -0. Suppose s*r = 3*r - 2. What is the remainder when r is divided by 2?
0
Suppose -2*d = -4, -2*d + 6 + 10 = 3*a. Suppose -26 = -a*p + 22. Calculate the remainder when 23 is divided by p.
11
Let i(j) = -2*j**2 + 2*j + j**2 - 3 - 2*j + 3*j. Let w be i(3). Calculate the remainder when 32/((-3)/(w/1)) is divided by 11.
10
Let h(j) = j + 7. Let y be h(-7). Suppose 0 = -d - y*d + 17. Calculate the remainder when 50 is divided by d.
16
Let g = 84 + -31. What is the remainder when g is divided by (-5)/10 + (-57)/(-2)?
25
Let r = -22 + 10. Let u = r - -17. Let p = -1 - -10. Calculate the remainder when p is divided by u.
4
Suppose 0 = -6*r + 8*r - 62. What is the remainder when r is divided by 4?
3
Suppose -6*p + 108 = -0*p. Let h(c) = c**3 + 10*c**2 + 6*c - 6. Let f be h(-6). Suppose 3*a - f = a. What is the remainder when a is divided by p?
15
Let q = 2 + -6. Calculate the remainder when ((-2 - -3) + q)*-12 is divided by 19.
17
Let t be (-23)/(-7) - 2/7. Suppose 0 = -2*b - 5*w + 18 + 6, t*b - 3*w - 36 = 0. Calculate the remainder when 21 is divided by b.
9
Let f(u) = u + 5. Let m be f(-8). Let x(c) be the third derivative of c**5/20 - c**4/8 + 2*c**3/3 + c**2. What is the remainder when x(m) is divided by 21?
19
Let b = 5 - -23. Calculate the remainder when b is divided by 16.
12
Let s be -2 - (5 - 3 - 6). Let h = s + 5. Suppose 2*q - h*q = -95. Calculate the remainder when q is divided by 7.
5
What is the remainder when 79 is divided by 44*1 + (-66)/22?
38
Let u(y) = y**2 - y - 17. Suppose -m = m - 18. What is the remainder when u(7) is divided by m?
7
Suppose 0*p = 2*p. Suppose p = 4*c - 5*u - 258, -5*c - 3*u + 8*u + 325 = 0. Suppose 44*t = -21 + 1033. Calculate the remainder when c is divided by t.
21
Suppose -14 = -2*q - 3*a, 0*a = -5*q + 2*a + 35. Let y = -5 - -7. Suppose y = 4*k - 9*g + 4*g, -17 = -3*k - 4*g. What is the remainder when q is divided by k?
1
Suppose -3*h - 1 = -4*h. Suppose -4*i + 18 + 5 = f, f = -3*i + 18. Calculate the remainder when f is divided by 28/16 + h/4.
1
Let w(i) = 4*i**3 - 7*i**2 + 3*i + 4. Let m be w(4). What is the remainder when 14 is divided by (m/(-50))/(2/(-5))?
6
Let a(n) = -18*n**3 + 1. What is the remainder when 74 is divided by a(-1)?
17
Let n = -35 + 58. Suppose 0*l - 7 = -l. Suppose -l = -w + 1. Calculate the remainder when n is divided by w.
7
Suppose -4*k - 2*w + 222 = 0, -2*k + 3*k - 5*w - 39 = 0. Let d = -7 + 18. Calculate the remainder when k is divided by d.
10
Let a(v) = 7*v - 66. Calculate the remainder when 97 is divided by a(13).
22
Suppose -3*m - 2*m = -515. Let y(l) = -l**3 + 4*l**2 + 3. Let a be y(4). Suppose -m = -a*p - 19. Calculate the remainder when p is divided by 10.
8
Let s(u) = 5*u - 6. Suppose 5*j - 23 = -2*f, 4*j - 5*f - 15 = 2*j. Calculate the remainder when 54 is divided by s(j).
16
Let p be 4*1/2 - -1. Suppose p*h - 6 = 0, -4*w + h + 52 = 5*h. What is the remainder when w is divided by 6?
5
Suppose 2*h - 3*w - 30 = 0, 3*h - 3*w = -0*w + 42. What is the remainder when 27 is divided by h?
3
Let u(m) = 2*m**3 - 7*m**2 - 8. Let v be u(5). What is